{"version":"1.0","type":"rich","provider_name":"Mairie d&#8217;Excideuil (Dordogne)","provider_url":"https:\/\/www.excideuil.fr","title":"Au fil de l&#8217;Isle","author_name":"Alexandra Guadagna","width":"480","height":"295","url":"https:\/\/www.excideuil.fr\/Au-fil-de-l-Isle.html","html":"\u003Ch4 class='title'\u003E\u003Ca href='https:\/\/www.excideuil.fr\/Au-fil-de-l-Isle.html'\u003EAu fil de l&#8217;Isle\u003C\/a\u003E\u003C\/h4\u003E\u003Cblockquote class='spip'\u003E\n\u003Cp\u003ELe 18&nbsp;Septembre 2026 \u00e0 18h30 \u00e0 la salle du Ch\u00e2teau \n\n \ud83c\udfac Venez assister au film documentaire &#171;&nbsp;Au fil de l\u2019Isle&nbsp;&#187; de 52 minutes produit par le SIETAVI, le SMBI et Grenouilles Productions. \n\nCe documentaire raconte comment, depuis 2023, des acteurs de la gestion de l\u2019eau et de la participation citoyenne ont d\u00e9velopp\u00e9 une nouvelle mani\u00e8re de faire vivre l\u2019Isle en impliquant habitants et usagers \u00e0 travers des initiatives comme la semaine Au Fil de l\u2019Isle. \n\n\ud83d\udef6 Chaque \u00e9t\u00e9, un radeau descend la&nbsp;(\u2026)\u003C\/p\u003E\n\u003C\/blockquote\u003E\n"}

<h4 class='title'><a href='https://www.excideuil.fr/Au-fil-de-l-Isle.html'>Au fil de l&#8217;Isle</a></h4><blockquote class='spip'>
<p>Le 18&nbsp;Septembre 2026 à 18h30 à la salle du Château 

 🎬 Venez assister au film documentaire &#171;&nbsp;Au fil de l’Isle&nbsp;&#187; de 52 minutes produit par le SIETAVI, le SMBI et Grenouilles Productions. 

Ce documentaire raconte comment, depuis 2023, des acteurs de la gestion de l’eau et de la participation citoyenne ont développé une nouvelle manière de faire vivre l’Isle en impliquant habitants et usagers à travers des initiatives comme la semaine Au Fil de l’Isle. 

🛶 Chaque été, un radeau descend la&nbsp;(…)</p>
</blockquote>
